{"id":12,"date":"2019-05-21T10:46:47","date_gmt":"2019-05-21T08:46:47","guid":{"rendered":"https:\/\/sportowyfyrtel.pl\/11\/?page_id=12"},"modified":"2026-03-17T13:24:32","modified_gmt":"2026-03-17T12:24:32","slug":"godziny-zajec","status":"publish","type":"page","link":"https:\/\/sportowyfyrtel.pl\/3\/godziny-zajec\/","title":{"rendered":"Godziny zaj\u0119\u0107"},"content":{"rendered":"<h3>Zaj\u0119cia przeznaczone<strong>\u00a0TYLKO<\/strong> dla mieszka\u0144c\u00f3w na sta\u0142e zamieszkuj\u0105cych na terenie osiedli Pi\u0105tkowo P\u00f3\u0142noc oraz Pi\u0105tkowo.<\/h3>\n<p>&nbsp;<\/p>\n<h3><strong>Plan zaj\u0119\u0107<\/strong><\/h3>\n<pre><div style=\"position: relative; width: 100%;\"><iframe src=\"https:\/\/sportowyfyrtel.pl\/calendar.php?fyrtel=21&week=0\" onload=\"this.style.height = this.contentWindow.document.documentElement.scrollHeight + 'px'; document.getElementById('progress-0').classList.remove('show');\" style=\"border: 0; width: 100%; min-height: 165px; height:165px;\"><\/iframe><div class=\"iframe-progress show\" id=\"progress-0\"><\/div><div id=\"progress-counter-0\" style=\"position: absolute; right: 0; top: 0;\">0%<\/div><\/div><script>\n        function updateCounter0() {\n            var counter = document.getElementById(\"progress-counter-0\");\n            var value = 0;\n            var interval = setInterval(function() {\n                value+=5;\n                counter.textContent = value + \"%\";\n                if(value >= 95) {\n                    clearInterval(interval);\n                    counter.style.display = \"none\";\n                }   \n            }, 75);\n        }\n        updateCounter0();\n    <\/script><\/pre>\n<pre><div style=\"position: relative; width: 100%;\"><iframe src=\"https:\/\/sportowyfyrtel.pl\/calendar.php?fyrtel=21&week=1\" onload=\"this.style.height = this.contentWindow.document.documentElement.scrollHeight + 'px'; document.getElementById('progress-1').classList.remove('show');\" style=\"border: 0; width: 100%; min-height: 165px; height:165px;\"><\/iframe><div class=\"iframe-progress show\" id=\"progress-1\"><\/div><div id=\"progress-counter-1\" style=\"position: absolute; right: 0; top: 0;\">0%<\/div><\/div><script>\n        function updateCounter1() {\n            var counter = document.getElementById(\"progress-counter-1\");\n            var value = 0;\n            var interval = setInterval(function() {\n                value+=5;\n                counter.textContent = value + \"%\";\n                if(value >= 95) {\n                    clearInterval(interval);\n                    counter.style.display = \"none\";\n                }   \n            }, 75);\n        }\n        updateCounter1();\n    <\/script>\r\n<\/pre>\n<p><strong>Program Nasz Sportowy Fyrtel na terenie rejonu nr 3 przeznaczony jest tylko i wy\u0142\u0105cznie mieszka\u0144com dzielnicy Pi\u0105tkowo i Pi\u0105tkowo P\u00f3\u0142noc!<\/strong><\/p>\n<ul>\n<li><strong>Regulamin, kt\u00f3rego akceptacja jest niezb\u0119dna do udzia\u0142u w zaj\u0119ciach sportowo &#8211; rekreacyjnych, wydarzeniach czy innych aktywno\u015bciach w ramach programu Nasz Sportowy Fyrtel znajdziesz <a href=\"https:\/\/sportowyfyrtel.pl\/3\/regulamin\/\">TUTAJ<\/a>.<\/strong><\/li>\n<li><strong>O\u015bwiadczenie uczestnika, kt\u00f3rego wype\u0142nienie jest niezb\u0119dne do udzia\u0142u w zaj\u0119ciach, a kt\u00f3re nale\u017cy starannie i czytelnie wype\u0142ni\u0107, a nast\u0119pnie zwr\u00f3ci\u0107 trenerowi lub instruktorowi pobierzesz <a href=\"https:\/\/sportowyfyrtel.pl\/3\/do-pobrania\/\">TUTAJ<\/a>.<\/strong><\/li>\n<li><strong>Plan zaj\u0119\u0107, kt\u00f3ry nale\u017cy \u015bledzi\u0107 \u017ceby sprawdzi\u0107 czy dane zaj\u0119cia nie zosta\u0142y odwo\u0142ane dost\u0119pny jest <a href=\"https:\/\/sportowyfyrtel.pl\/3\/godziny-zajec\/\">TUTAJ<\/a>.<\/strong><\/li>\n<li><strong>Opis zaj\u0119\u0107, gdzie mo\u017cecie zapozna\u0107 si\u0119 r\u00f3wnie\u017c z informacjami o danych zaj\u0119ciach, lokalizacj\u0105, a tak\u017ce form\u0105 zapis\u00f3w czeka na Was <a href=\"https:\/\/sportowyfyrtel.pl\/3\/opis-zajec\/\">TUTAJ<\/a>. <\/strong><\/li>\n<li><strong>Kliknijcie <a href=\"https:\/\/www.facebook.com\/groups\/fyrtel3\">TUTAJ<\/a>, \u017ce do\u0142\u0105czy\u0107 do grupy na portalu Facebook dedykowanej uczestnikom zaj\u0119\u0107 na terenie rejonu nr 11, a jednocze\u015bnie mieszka\u0144com dzielnicy Pi\u0105tkowo i Pi\u0105tkowo P\u00f3\u0142noc, gdzie znajdziecie relacje z zaj\u0119\u0107 czy innych organizowanych aktywno\u015bci, zapowiedzi, komunikaty, a tak\u017ce og\u0142oszenia dotycz\u0105ce realizacji projektu w 2026 roku.<\/strong><\/li>\n<\/ul>\n<p><strong>Projekt finansowany ze \u015brodk\u00f3w Wydzia\u0142u Sportu Urz\u0119du Miasta Poznania w ramach Pozna\u0144skiego Bud\u017cetu Obywatelskiego 2026 dzi\u0119ki g\u0142osom mieszka\u0144c\u00f3w Poznania!<\/strong><\/p>\n<p><strong>Problemy, pytania i w\u0105tpliwo\u015bci kierujcie na adres e-mail: 3@sportowyfyrtel.pl.<\/strong><\/p>\n<p>&nbsp;<\/p>\n","protected":false},"excerpt":{"rendered":"<p>Zaj\u0119cia przeznaczone\u00a0TYLKO dla mieszka\u0144c\u00f3w na sta\u0142e zamieszkuj\u0105cych na terenie osiedli Pi\u0105tkowo P\u00f3\u0142noc oraz Pi\u0105tkowo. &nbsp; Plan zaj\u0119\u0107 Program Nasz Sportowy Fyrtel na terenie rejonu nr 3 przeznaczony jest tylko i wy\u0142\u0105cznie mieszka\u0144com dzielnicy Pi\u0105tkowo i Pi\u0105tkowo P\u00f3\u0142noc! Regulamin, kt\u00f3rego akceptacja jest niezb\u0119dna do udzia\u0142u w zaj\u0119ciach sportowo &#8211; rekreacyjnych, wydarzeniach czy innych aktywno\u015bciach w ramach [&#8230;]<\/p>\n<p><a class=\"btn btn-secondary understrap-read-more-link\" href=\"https:\/\/sportowyfyrtel.pl\/3\/godziny-zajec\/\">Czytaj dalej\u2026<\/a><\/p>\n","protected":false},"author":3,"featured_media":0,"parent":0,"menu_order":0,"comment_status":"closed","ping_status":"closed","template":"","meta":{"footnotes":""},"class_list":["post-12","page","type-page","status-publish","hentry"],"_links":{"self":[{"href":"https:\/\/sportowyfyrtel.pl\/3\/wp-json\/wp\/v2\/pages\/12","targetHints":{"allow":["GET"]}}],"collection":[{"href":"https:\/\/sportowyfyrtel.pl\/3\/wp-json\/wp\/v2\/pages"}],"about":[{"href":"https:\/\/sportowyfyrtel.pl\/3\/wp-json\/wp\/v2\/types\/page"}],"author":[{"embeddable":true,"href":"https:\/\/sportowyfyrtel.pl\/3\/wp-json\/wp\/v2\/users\/3"}],"replies":[{"embeddable":true,"href":"https:\/\/sportowyfyrtel.pl\/3\/wp-json\/wp\/v2\/comments?post=12"}],"version-history":[{"count":130,"href":"https:\/\/sportowyfyrtel.pl\/3\/wp-json\/wp\/v2\/pages\/12\/revisions"}],"predecessor-version":[{"id":1559,"href":"https:\/\/sportowyfyrtel.pl\/3\/wp-json\/wp\/v2\/pages\/12\/revisions\/1559"}],"wp:attachment":[{"href":"https:\/\/sportowyfyrtel.pl\/3\/wp-json\/wp\/v2\/media?parent=12"}],"curies":[{"name":"wp","href":"https:\/\/api.w.org\/{rel}","templated":true}]}}